4507 a factor of 267598618?
True
Is 835986840 a multiple of 39?
True
Is 987849918 a multiple of 2313?
True
Is 150517874 a multiple of 3497?
True
Is 40 a factor of 2066763451?
False
Is 16 a factor of 7499152?
True
Is 2058275 a multiple of 2465?
True
Is 6987672 a multiple of 6?
True
Is 61 a factor of 3922423?
False
Does 987 divide 45248449?
False
Is 29096485 a multiple of 3184?
False
Does 13 divide 2301169?
True
Does 11 divide 1403539753?
True
Is 11 a factor of 3469288?
False
Is 189 a factor of 83344464?
True
Does 8 divide 17908924?
False
Is 21 a factor of 3134835?
False
Is 1164883084 a multiple of 1159?
True
Is 2797520 a multiple of 40?
True
Does 18 divide 495728766?
True
Is 144 a factor of 148161168?
True
Does 2727 divide 271741285?
False
Does 4 divide 1262980768?
True
Does 10 divide 47127714?
False
Is 1676 a factor of 11993456?
True
Is 1308 a factor of 32124967?
False
Is 72074253 a multiple of 252?
False
Is 263056188 a multiple of 94?
False
Does 235 divide 322121785?
True
Is 17119 a multiple of 901?
True
Does 118 divide 157172814?
True
Is 5132704 a multiple of 104?
False
Is 2601478149 a multiple of 15?
False
Is 146 a factor of 583416?
True
Is 31385952 a multiple of 416?
True
Is 2342644 a multiple of 244?
True
Does 8 divide 71461652?
False
Is 128 a factor of 14593025?
False
Is 1361877317 a multiple of 312?
False
Is 22617296 a multiple of 104?
True
Does 2 divide 6820310?
True
Is 20461780 a multiple of 2055?
False
Is 196 a factor of 158610702?
False
Is 199391203 a multiple of 9?
False
Is 9889308 a multiple of 153?
True
Does 16 divide 20517483?
False
Is 32 a factor of 6431374013?
False
Is 256947528 a multiple of 247?
False
Is 107 a factor of 89790817?
False
Is 24542910 a multiple of 978?
True
Is 1357741203 a multiple of 7?
True
Is 61 a factor of 70055816?
True
Is 472 a factor of 22450992?
False
Does 1927 divide 1010900346?
True
Does 38 divide 87410914?
False
Does 599 divide 117215308?
False
Is 721679 a multiple of 7?
True
Is 11959 a factor of 4965425889?
False
Is 122446120 a multiple of 914?
False
Is 1667 a factor of 124292965?
False
Is 7632458 a multiple of 277?
True
Is 23367087 a multiple of 1373?
True
Does 117 divide 82946053?
False
Does 317 divide 10404257?
True
Is 79662912 a multiple of 224?
True
Is 71 a factor of 31908607?
True
Does 18 divide 50378606?
False
Does 2105 divide 60315057?
False
Does 15 divide 7643970?
True
Does 609 divide 109282256?
False
Is 101567908 a multiple of 652?
True
Is 83261866 a multiple of 20?
False
Does 5332 divide 192233900?
False
Is 1052 a factor of 10572296?
False
Does 253 divide 113526356?
False
Does 3744 divide 1252023552?
True
Does 51 divide 3591538?
False
Is 4531 a factor of 115714585?
False
Is 18 a factor of 67535265?
False
Does 182 divide 1027453882?
True
Is 236 a factor of 36076516?
False
Does 1727 divide 66135465?
True
Is 8903 a factor of 3395094542?
False
Does 176 divide 894231415?
False
Is 411 a factor of 82907562?
False
Is 605 a factor of 36366275?
False
Is 1576903 a multiple of 851?
True
Is 4925340 a multiple of 42?
True
Does 66 divide 3323346?
False
Does 7 divide 120757812?
True
Is 1206825565 a multiple of 4?
False
Is 38 a factor of 27857667?
False
Is 390147937 a multiple of 15?
False
Does 4 divide 125271537?
False
Is 1151421029 a multiple of 367?
True
Is 562248 a multiple of 228?
True
Is 8 a factor of 599866848?
True
Is 761958720 a multiple of 48?
True
Is 28797939 a multiple of 73?
False
Does 842 divide 113621164?
True
Is 19055625 a multiple of 25?
True
Is 136 a factor of 26894408?
True
Does 1717 divide 112906486?
True
Does 7 divide 91109767?
True
Is 99843975 a multiple of 1243?
True
Is 10 a factor of 962333290?
True
Is 121226481 a multiple of 1966?
False
Is 26 a factor of 10899981?
False
Is 396 a factor of 63359653?
False
Is 84 a factor of 14252405?
False
Does 1001 divide 37204167?
True
Is 379 a factor of 45547083?
True
Is 19140102 a multiple of 477?
True
Does 332 divide 91642624?
True
Does 4 divide 167176399?
False
Does 44 divide 1031368316?
True
Does 1003 divide 701955871?
False
Does 76 divide 979229?
False
Is 557 a factor of 40978937?
False
Is 404458074 a multiple of 321?
True
Is 13 a factor of 6018368?
False
Does 41 divide 38014537?
False
Does 28 divide 880469072?
True
Is 2619 a factor of 494415109?
False
Does 93 divide 251191326?
True
Is 112 a factor of 72775136?
True
Is 52869544 a multiple of 56?
True
Is 238615761 a multiple of 19?
False
Does 232 divide 63671860?
False
Is 6996020 a multiple of 4?
True
Is 154 a factor of 18991197?
False
Is 2014396050 a multiple of 41?
False
Is 5128863 a multiple of 53?
True
Is 8 a factor of 4542740?
False
Is 16509343 a multiple of 260?
False
Is 816598120 a multiple of 26?
True
Is 1108 a factor of 67921508?
True
Is 740821628 a multiple of 21?
False
Does 83 divide 72841208?
False
Does 69 divide 29545414?
False
Does 427 divide 554080254?
False
Is 162 a factor of 6141706796?
False
Is 206871816 a multiple of 282?
True
Does 38 divide 24102206?
False
Is 86 a factor of 205899606?
False
Does 73 divide 119306144?
False
Is 278 a factor of 344964?
False
Is 50 a factor of 553666200?
True
Does 5660 divide 124443443?
False
Does 33 divide 60953739?
True
Is 6 a factor of 244806834?
True
Is 26053831 a multiple of 476?
False
Does 3989 divide 53584237?
True
Is 6380285 a multiple of 3?
False
Is 12236608 a multiple of 38?
True
Is 129472773 a multiple of 1868?
False
Is 166 a factor of 658420605?
False
Is 195085297 a multiple of 11?
True
Is 21935631 a multiple of 447?
True
Does 28 divide 213755775?
False
Does 1470 divide 96507236?
False
Is 1990 a factor of 942658699?
False
Is 4797965 a multiple of 564?
False
Is 11 a factor of 23277700?
False
Does 17 divide 7758953?
True
Does 746 divide 81827279?
False
Is 996822519 a multiple of 11?
True
Does 249 divide 16125987?
True
Is 49375957 a multiple of 28?
False
Is 50 a factor of 154124848?
False
Does 80 divide 390979520?
True
Is 60 a factor of 30845880?
True
Is 174142083 a multiple of 7?
False
Is 1460245000 a multiple of 250?
True
Is 55 a factor of 35958780?
True
Does 252 divide 2929030?
False
Does 22 divide 45495967?
False
Does 27 divide 160279993?
False
Does 67 divide 193772978?
True
Is 672176944 a multiple of 18?
False
Is 1407392030 a multiple of 22?
True
Does 174 divide 20966722?
False
Is 1047444544 a multiple of 296?
True
Is 159500425 a multiple of 1085?
True
Does 7407 divide 494658607?
False
Is 530 a factor of 63917440?
False
Is 25 a factor of 41144450?
True
Is 449587768 a multiple of 2078?
True
Is 8030885 a multiple of 4?
False
Does 8875 divide 2713624949?
False
Is 25928742 a multiple of 5151?
False
Is 180 a factor of 641722844?
False
Is 1589914695 a multiple of 895?
True
Does 175 divide 832136200?
True
Is 173 a factor of 3470787069?
True
Does 124 divide 95002068?
False
Does 49 divide 11123286?
False
Does 315 divide 7077282752?
False
Does 1962 divide 901377511?
False
Does 15 divide 2756872140?
True
Does 15 divide 40143510?
True
Is 99 a factor of 151991094?
False
Does 486 divide 5422515354?
True
Does 17 divide 968069471?
True
Is 2 a factor of 5413126?
True
Is 26 a factor of 29536078?
True
Is 280 a factor of 16161600?
True
Is 368091600 a multiple of 4110?
True
Is 209305037 a multiple of 17?
True
Does 2142 divide 6299624695?
False
Is 31 a factor of 41646728?
False
Does 22 divide 1261524?
True
Does 1077 divide 245434864?
False
Is 16783641 a multiple of 96?
False
Is 360 a factor of 16088760?
True
Does 6 divide 344257604?
False
Is 232 a factor of 4670057?
False
Is 827908296 a multiple of 1304?
True
Is 101 a factor of 38655852?
False
Is 12 a factor of 1866282120?
True
Does 23 divide 200301630?
False
Is 31650322 a multiple of 22?
True
Is 3547 a factor of 368921031?
False
Does 11 divide 14343564?
False
Is 4189402 a multiple of 197?
True
Does 126 divide 29651832?
True
Is 99644218 a multiple of 496?
False
Does 82 divide 10435692?
False
Is 318651890 a multiple of 23?
True
Does 7 divide 22170582?
True
Is 34401934 a multiple of 5?
False
Is 74 a factor of 20051993?
False
Is 4285054 a multiple of 38?
False
Does 82 divide 97688486?
True
Is 53 a factor of 18299469?
True
Is 3 a factor of 59768306?
False
Does 234 divide 280997964?
True
Does 16 divide 955483488?
True
Does 12 divide 54031274?
False
Does 2114 divide 198554089?
False
Is 38 a factor of 87